-4*w + 4*u + 284. Suppose 48 = -3*r + 3*y, 2*r + 3*r = 4*y - w. Let b(h) = -h**2 - 13*h - 5. Give b(r).
7
Let f(l) = 21*l + 963. Let v be f(-46). Let m(z) = z + 9. Give m(v).
6
Let h = 2 + -5. Let f(x) = 2 - x**3 + 877*x - 2*x**2 - 3*x**2 - 880*x. Determine f(h).
-7
Let h(p) = 2*p**2 - 51*p - 15. Let c(q) = -3*q**2 + 72*q + 22. Let d(f) = -5*c(f) - 7*h(f). Determine d(-5).
35
Let l(t) = -2*t + t + 8*t**2 + 9*t**2. Suppose -446*w + 45 = -401*w. Calculate l(w).
16
Let z(s) = -s**2 + 8*s + 47. Let i be z(9). Let x(y) = -7*y**2 + 20*y - 9 + i*y**3 - 14*y - 39*y**3. What is x(-8)?
7
Let a(f) = 57*f**2 - 60*f**2 - 172*f + 171*f + 4. Determine a(-3).
-20
Let w(b) = -5*b**3 - 46*b**2 + 6*b + 6. Let p(x) = 14*x**3 + 126*x**2 - 17*x - 17. Let k(o) = 4*p(o) + 11*w(o). Suppose 12 = 3*f + f. Calculate k(f).
1
Let h = -51/41 - -307/82. Let r(n) be the first derivative of h*n**2 + 1/3*n**3 + 2*n - 14. Determine r(-2).
-4
Let m(j) = 5*j - 38. Let d be m(8). Let f(q) = -2 - 9*q**3 + 34*q**3 + 2*q - 24*q**3 + 3*q**d. Determine f(-2).
-2
Suppose 15*l + 27 = 18*l. Let p(i) = -9*i**2 + 4*i - 38. Let m(j) = -20*j**2 + 7*j - 88. Let t(c) = 4*m(c) - 9*p(c). Determine t(l).
-1
Let a(s) = -6*s**3 + 2*s**2 - 4*s + 39. Let w(l) = 5*l**3 - l**2 + 5*l - 34. Let i(n) = -6*a(n) - 7*w(n). Calculate i(6).
-26
Suppose 2*p + 3*b + 269 - 264 = 0, 5*p = 3*b + 61. Let l(m) be the third derivative of m**4/24 - 5*m**3/2 + 11*m**2. Calculate l(p).
-7
Let v(y) = y + 1. Let n(s) = -9*s + 29. Let d(b) = -n(b) - 3*v(b). Let x be d(6). Let j(a) = a**2 - 8*a + 5. Calculate j(x).
-11
Let x(r) = -3*r**2 + 1. Let v = -339 - -335. Let k(i) = -2*i**2 + i + 0*i**2 - 2 + 4*i**2 + 2*i**2. Let g(a) = v*k(a) - 5*x(a). Give g(-5).
-2
Let a(d) = -6*d**2 - 14*d + 5*d**2 + 3*d**3 + 6*d**3 - d**2 + 15*d. Suppose m + 1 = 2*m. Determine a(m).
8
Let i(q) = 9*q**3 - 13*q**2 - 7*q. Let d(j) = -j**3 + 2*j**2 + j. Let k be -1*9*14/(-21). Let v(g) = k*d(g) + i(g). Let n = -6 + 5. Calculate v(n).
-3
Let t(l) = l**3 + 3*l**2 - 3*l + 5. Suppose 1 = -5*a + 26. Suppose 2*u - 4*u = -a*x - 340, -4*x = -4*u + 284. Let b = x - -62. Determine t(b).
1
Let l(j) = -51*j**3 + 50*j**3 - 2 - 3*j**2 - 4*j - 4*j**2 - 1 + 6. Determine l(-4).
-29
Let q(t) = 5*t + 13*t**2 - 8*t**2 - 4*t**2 - 3*t**2 - 2 - 2. What is q(3)?
-7
Let d be (-5 - -1)/((-24)/66). Suppose 0 = -d*x - 3*x - 98. Let v(t) be the first derivative of -t**2/2 + t - 3. Give v(x).
8
Let o(r) = r**2 + 6 - 1 - 1. Suppose 117*c = 540*c. What is o(c)?
4
Suppose -5*r + 3*k + 19 = 0, -r = -2*r - 2*k + 9. Let n(i) = i**2 + 3*i + 2. Let d(y) = -2*y**2 - 8*y - 5. Let u(s) = r*n(s) + 3*d(s). Give u(-9).
-5
Let w(r) be the second derivative of r**3/3 - 5*r**2/2 + r - 16758. Let f(d) = 2*d. Let a be f(2). Determine w(a).
3
Let n = -411 - -699. Let g = n + -282. Let r(i) = -i**3 + 6*i**2 + 6*i - 7. Calculate r(g).
29
Let a = -1894 + 1895. Let w(x) = -26*x - 1. Calculate w(a).
-27
Let y(r) = r**3 + 7*r**2 - 8*r + 1. Let w(n) = 9*n + 90. Let p be w(-8). Suppose 58 + 86 = -p*i. Calculate y(i).
1
Let r(m) = 0 + 13*m + 0 + 1. Let c be (-1890)/126 - (3 - (-4 + 23)). Calculate r(c).
14
Let z(o) = -o**3 + 10*o**2 - 76*o + 608. Let v be z(9). Let c(p) = 5*p - 15. Calculate c(v).
10
Let c(b) = 4*b - 2. Suppose 3*x + 2*t = -1, -4*x + 3*t - 2*t + 17 = 0. Let a(q) = -q**3 + 7*q**2 - 3*q. Let j be a(3). Let g be 4/x*j/(-18). Give c(g).
-10
Let r(z) = -z**2 + 6*z - 5. Let p(g) = -24*g**2 - 4*g - 3. Let n be p(-2). Let t = n + 95. Give r(t).
3
Let h(j) = -j + 4. Let z(i) = -4*i + 39. Let v(o) = -16*o + 158. Let f(l) = -2*v(l) + 9*z(l). Let c be f(8). What is h(c)?
1
Let o = -34 - -40. Suppose 10 - 52 = -o*m. Let f(z) = -4*z**3 - 2*z**2 + 1 - 4*z**3 - 4*z + m*z**3 + 8*z**2. What is f(5)?
6
Let k(x) = -2*x**3 - 9*x**2 - 33*x - 111. Let f be k(-4). Let a(d) = 4*d - d - 13 + 0. What is a(f)?
2
Let i(v) be the second derivative of 19*v**3/6 + 181*v**2/2 - 29*v - 75. Calculate i(-10).
-9
Let p be -44 + (22 - (-24 - -6)). Let o(r) = -3*r - 10 + 1 + 2*r - r**2 - 5*r. Determine o(p).
-1
Suppose 5*i = -2*z + 93, -2*z = i - 86 - 11. Suppose z = -2*k + 45. Let m(b) = -b**3 + 2*b**2 + 6*b + 3. Calculate m(k).
7
Let y(k) = 29 + k**2 + 6*k + 2*k - 28 + 5. Determine y(-8).
6
Let j(r) = -3*r**2 + 46469 - 4*r - 46464 + 4*r**2 - 5*r + 2*r. Determine j(9).
23
Let z(k) = -14*k - 1. Suppose 0 = -5*a + 138*a + 532. Determine z(a).
55
Let t be ((-22)/33)/(((-2)/(-2283))/(-1)). Suppose t = 9*n - 175. Let y(p) = 3*p**2 + 2 + 2*p**3 + 110*p + n*p - 211*p. Give y(-2).
-8
Let b(o) = 2*o**3 - 3*o + 3. Let m(c) = -c**3 - c**2 + 3*c - 3. Let n(v) = -2*b(v) - 3*m(v). Let u = -205 + 227. Suppose 22*p - u = 11*p. Calculate n(p).
1
Let i(c) = c**2 - 11841*c**3 - c + 1 + 23686*c**3 - 11827*c**3. Calculate i(1).
19
Let c(j) = -7*j**3 - 2*j**2 + 17*j + 5. Suppose -17*s = -12*s + 30. Let r(y) = -y**3 + y**2 + y - 2. Let t(h) = s*r(h) + c(h). Calculate t(-9).
-1
Let d(k) = -14*k + 281. Let a(w) = -4*w + 48. Let j(i) = 6*a(i) - d(i). Suppose 2*y - 6 = -y. What is j(y)?
-13
Suppose -i + 8 = -4*c, -2*i + 3*i + 10 = -5*c. Let x(g) be the first derivative of 2/3*g**3 - 3*g - 1/4*g**4 + 39 - 3/2*g**2. What is x(c)?
19
Let d(u) = -u**2 + 9*u - 4. Let y be d(6). Suppose -y = 4*l + 18. Let z(r) be the first derivative of r**2/2 + 12*r + 9. Calculate z(l).
4
Let r(v) = v - 8. Let c(t) = -3*t**2 + 24*t + 5. Let i be c(8). Suppose a - j = 13, i*a - 72*j - 65 = -75*j. What is r(a)?
5
Let m(x) = -x**3 + 25*x**2 + 85*x - 24. Let n be m(28). Suppose 0 = -t + 2*f + 4, n*t + 26 = f + 77. Let g(z) = -z**3 + 14*z**2 + 6. Give g(t).
6
Let b(h) = -18*h - 372 - 19*h - 224 - 206 + 205. Let o be b(-16). Let i(r) = 2*r - r**3 + 6 - 3*r**2 + 0*r - 2*r**2. Calculate i(o).
-4
Let u(h) = -8*h + 113*h**2 - 6843*h**3 - 6864*h**3 + 13679*h**3 + 9. Calculate u(4).
-7
Let u(p) = -3*p - 188 + 4*p**2 + p**3 + 567 - 195 - 190. Give u(-1).
0
Suppose -r + 3*r = 2*v + 130, 0 = -5*v - 3*r - 293. Let t = 70 + v. Let q(m) = m**3 - 3*m**2 + 4 + 1 - 3*m + 5 - t. Determine q(2).
-9
Let j(m) = m + 1. Let l = 1326 + -1327. Calculate j(l).
0
Let a be (-147)/(-392) - 153/24. Let l(v) be the first derivative of -5*v**2/2 - 12*v - 14. What is l(a)?
18
Suppose -98 - 153 = -15*x + 79. Let t(w) = w**2 - 23*w + 18. Calculate t(x).
-4
Let k(q) = q**3 - 12*q**2 + 7*q + 14. Let j = -2500 + 2511. Give k(j).
-30
Let v(t) = 2*t**3 + 7*t**2 + t**3 - 19*t**2 + 8*t - 2*t**3 + 13. Let x be -6 + (-245)/(-14) - (7/2)/7. Give v(x).
-20
Suppose -4*x + 3*c - 1 = 0, -33*c = 5*x - 31*c - 16. Let m(s) = -6*s + 5. Give m(x).
-7
Let z(t) = 22*t**2 + 4*t - 3. Let k(o) = o**3 + 28*o**2 + 5*o - 2. Let x(g) = -2*k(g) + 3*z(g). What is x(5)?
5
Suppose -n + 4 = -3*x, -2*n + 5 + 2 = -5*x. Let v be (n + -10)*-1 - 3. Let c(p) = -p**2 + 3*p + 2. What is c(v)?
-16
Let q(s) = -s**3 - 3*s**2 + 6*s + 3. Let o = 72 - 68. Let z(m) = -5*m**2 - m + 2. Let b be z(o). Let i = b + 78. Give q(i).
-5
Let u(s) = -4*s**3 + 2*s + 1. Suppose 0 = -v - 2*r + 2, -3*v + 22 - 6 = -4*r. Let p be (v/6)/((-2)/3). Calculate u(p).
3
Let d(l) = 3 - 32716*l + 32713*l - l**2 + 2*l**2. Give d(6).
21
Let y(t) = -t**3 + t**2 + 23*t - 6. Let n = -11282 + 11287. Calculate y(n).
9
Let n(s) = -2*s + 1. Suppose 12 = -3*y + 24. Let t = -7 + y. Let q(a) = -5*a + 3. Let w(f) = t*q(f) + 8*n(f). What is w(-6)?
5
Let t(j) = 8*j + 4. Let w be 4/11 - 85478/5951. Calculate t(w).
-108
Let g be 1813/(-42) - 2/(-12). Let m = -39 - g. Suppose -8*y + m*y - 12 = 0. Let b(n) = -n**2 - 2*n - 2. What is b(y)?
-5
Let b be 0 + 5 - 39/(-195)*0. Let l(d) = -2*d**2 + 7*d - 21. Determine l(b).
-36
Let x(t) = 8*t**3 + 12*t**2 + 15*t + 14. Let s(b) = -11*b**3 - 18*b**2 - 20*b - 21. Let g(v) = -5*s(v) - 7*x(v). Calculate g(4).
19
Let n(t) be the first derivative of -3*t**2/2 + 2. Suppose -4*w = 3*a - 3, 2*w + 10 - 9 = -a. What is n(a)?
-15
Let l(i) be the second derivative of i**4/6 + 4*i**3 - 5*i**2 + 128*i. Give l(-12).
-10
Suppose -5*p - 2*x + 3*x = 18, 3*p + 2 = 5*x. Let w(a) = 6082*a - 1 + 6079*a - 18324*a + 6165*a. Determine w(p).
-9
Let y = 7 + 1. Let q(m) = m**3 - 27113*m**2 - 1 + 8*m - 27125*m**2 + 2 + 54229*m**2. What is q(y)?
1
Let a(s) = 2*s - 18. Let p(q) = q. Let r(m) = a(m) - 3*p(m). Suppose 0 = -115*b + 162*b + 470. Determine r(b).
-8
Let q(j) = 7*j - 6. Let h(y) = 